{"id":28763,"date":"2024-07-30T20:01:19","date_gmt":"2024-07-30T20:01:19","guid":{"rendered":"https:\/\/www.kreativkaffee.de\/?page_id=28763"},"modified":"2025-09-24T08:52:43","modified_gmt":"2025-09-24T08:52:43","slug":"malerei","status":"publish","type":"page","link":"https:\/\/www.derkreativdackel.de\/?page_id=28763","title":{"rendered":"Malerei"},"content":{"rendered":"\t\t<div data-elementor-type=\"wp-page\" data-elementor-id=\"28763\" class=\"elementor elementor-28763\" data-elementor-post-type=\"page\">\n\t\t\t\t<div class=\"elementor-element elementor-element-55053f44 thegem-e-con-layout-thegem e-flex e-con-boxed e-con e-parent\" data-id=\"55053f44\" data-element_type=\"container\" data-settings=\"{&quot;thegem_container_layout&quot;:&quot;thegem&quot;,&quot;background_background&quot;:&quot;classic&quot;}\">\n\t\t\t\t\t<div class=\"e-con-inner\">\n\t\t\t\t<div class=\"elementor-element elementor-element-04ae294 elementor-widget__width-initial flex-horizontal-align-default flex-horizontal-align-tablet-default flex-horizontal-align-mobile-default flex-vertical-align-default flex-vertical-align-tablet-default flex-vertical-align-mobile-default exad-sticky-section-no exad-glass-effect-no elementor-widget elementor-widget-thegem-animated-heading\" data-id=\"04ae294\" data-element_type=\"widget\" data-widget_type=\"thegem-animated-heading.default\">\n\t\t\t\t<div class=\"elementor-widget-container\">\n\t\t\t\t\t<h2 class=\"thegem-heading thegem-animated-heading title-h2 thegem-heading-animate lines-slide-up\" id=\"thegem-heading-04ae294\" data-animation-name=\"lines-slide-up\" data-animation-interval=\"80\"><span class=\"thegem-heading-word\">Malerei<\/span><\/h2><style type=\"text\/css\">#thegem-heading-04ae294 {margin: 0;}#thegem-heading-04ae294 {margin-left: auto; margin-right: auto;}#thegem-heading-04ae294 > * {justify-content: center;}<\/style>\t\t\t\t<\/div>\n\t\t\t\t<\/div>\n\t\t\t\t<div class=\"elementor-element elementor-element-3053490 elementor-widget__width-inherit elementor-hidden-tablet elementor-hidden-mobile flex-horizontal-align-default flex-horizontal-align-tablet-default flex-horizontal-align-mobile-default flex-vertical-align-default flex-vertical-align-tablet-default flex-vertical-align-mobile-default exad-sticky-section-no exad-glass-effect-no elementor-widget elementor-widget-thegem-animated-heading\" data-id=\"3053490\" data-element_type=\"widget\" data-widget_type=\"thegem-animated-heading.default\">\n\t\t\t\t<div class=\"elementor-widget-container\">\n\t\t\t\t\t<h2 class=\"thegem-heading thegem-animated-heading title-h2 thegem-heading-animate lines-slide-up\" id=\"thegem-heading-3053490\" data-animation-name=\"lines-slide-up\" data-animation-interval=\"80\"><span class=\"thegem-heading-word\">Farbspiele<\/span> <span class=\"thegem-heading-word\">und<\/span> <span class=\"thegem-heading-word\">MixedMedia<\/span><\/h2><style type=\"text\/css\">#thegem-heading-3053490 {margin: 0;}#thegem-heading-3053490 {margin-left: auto; margin-right: auto;}#thegem-heading-3053490 > * {justify-content: center;}<\/style>\t\t\t\t<\/div>\n\t\t\t\t<\/div>\n\t\t\t\t<div class=\"elementor-element elementor-element-55539bd flex-horizontal-align-default flex-horizontal-align-tablet-default flex-horizontal-align-mobile-default flex-vertical-align-default flex-vertical-align-tablet-default flex-vertical-align-mobile-default exad-sticky-section-no exad-glass-effect-no elementor-widget elementor-widget-spacer\" data-id=\"55539bd\" data-element_type=\"widget\" data-widget_type=\"spacer.default\">\n\t\t\t\t<div class=\"elementor-widget-container\">\n\t\t\t\t\t\t\t<div class=\"elementor-spacer\">\n\t\t\t<div class=\"elementor-spacer-inner\"><\/div>\n\t\t<\/div>\n\t\t\t\t\t\t<\/div>\n\t\t\t\t<\/div>\n\t\t\t\t\t<\/div>\n\t\t\t\t<\/div>\n\t\t<div class=\"elementor-element elementor-element-3500711 thegem-e-con-layout-elementor e-flex e-con-boxed e-con e-parent\" data-id=\"3500711\" data-element_type=\"container\" data-settings=\"{&quot;thegem_container_layout&quot;:&quot;elementor&quot;}\">\n\t\t\t\t\t<div class=\"e-con-inner\">\n\t\t<div class=\"elementor-element elementor-element-7e80063 thegem-e-con-layout-thegem e-con-full e-flex e-con e-child\" data-id=\"7e80063\" data-element_type=\"container\" data-settings=\"{&quot;thegem_container_layout&quot;:&quot;thegem&quot;}\">\n\t\t<div class=\"elementor-element elementor-element-7ed6d8a e-con-full thegem-e-con-layout-thegem e-flex e-con e-child\" data-id=\"7ed6d8a\" data-element_type=\"container\" data-settings=\"{&quot;thegem_container_layout&quot;:&quot;thegem&quot;}\">\n\t\t\t\t<div class=\"elementor-element elementor-element-8f25611 elementor-widget__width-initial flex-horizontal-align-default flex-horizontal-align-tablet-default flex-horizontal-align-mobile-default flex-vertical-align-default flex-vertical-align-tablet-default flex-vertical-align-mobile-default exad-sticky-section-no elementor-widget elementor-widget-exad-post-grid\" data-id=\"8f25611\" data-element_type=\"widget\" data-widget_type=\"exad-post-grid.default\">\n\t\t\t\t<div class=\"elementor-widget-container\">\n\t\t\t\t\t\t\t\r\n\r\n\t\t<div class=\"exad-post-grid\">\r\n\t\t\t<div class=\"exad-row-wrapper\">\r\n\t\t\t\t\r\n<article class=\"exad-post-grid-three exad-col  \">\r\n    <div class=\"exad-post-grid-container image-position-top exad-post-grid-equal-height-\">\r\n                    <figure class=\"exad-post-grid-thumbnail\">\r\n                <a href=\"https:\/\/www.derkreativdackel.de\/?p=28638\">\r\n                    <img width=\"2048\" height=\"1152\" data-src=\"https:\/\/www.derkreativdackel.de\/wp-content\/uploads\/2024\/07\/Sprechen-2048x1152.png\" class=\"attachment-2048x2048 size-2048x2048 wp-post-image lazyload\" alt=\"\" src=\"data:image\/gif;base64,R0lGODlhAQABAAAAACH5BAEKAAEALAAAAAABAAEAAAICTAEAOw==\" style=\"--smush-placeholder-width: 2048px; --smush-placeholder-aspect-ratio: 2048\/1152;\" \/>                <\/a>\r\n                \r\n                            <\/figure>\r\n        \t\t\r\n\t\t        <div class=\"exad-post-grid-body\">\r\n            \t\t\t\t\r\n\t\t\t\t\t\t\t\r\n                    <h3>\r\n\t\t\t\t\t\r\n\t\t\t\t\t\t\t\t\r\n                        <a href=\"https:\/\/www.derkreativdackel.de\/?p=28638\" class=\"exad-post-grid-title\">Kontakt<\/a>\r\n\t\t\t\t\t\t\r\n\t\t\t\t\t\t\r\n                    <\/h3>\r\n\t\t\t\t\t\r\n\t\t\t\t\t\t\t\t\r\n                                <div class=\"exad-post-grid-description\">\r\n                    Kreativit\u00e4t verbindet Sich \u00fcber das geliebte Hobby, Arbeitstechniken und Materialien...                <\/div>\r\n                            <div class=\"exad-post-footer\"><a href=\"https:\/\/www.derkreativdackel.de\/?p=28638\" target=\"_self\" class=\"read-more\">zum Beitrag<\/a><\/div>\r\n            \r\n        <\/div>\r\n        \t\t\r\n\t\t\t\t\r\n    <\/div>\r\n<\/article>\r\n    \r\n\t\t\t<\/div>\r\n\t\t\t<div class=\"exad-post-grid-load-btn\">\r\n\t\t\t\t\t\t\t<\/div>\r\n\t\t<\/div>\r\n\r\n\t\t\t\t\t<\/div>\n\t\t\t\t<\/div>\n\t\t\t\t<\/div>\n\t\t<div class=\"elementor-element elementor-element-d0a0584 e-con-full thegem-e-con-layout-thegem e-flex e-con e-child\" data-id=\"d0a0584\" data-element_type=\"container\" data-settings=\"{&quot;thegem_container_layout&quot;:&quot;thegem&quot;}\">\n\t\t\t\t<div class=\"elementor-element elementor-element-9aa4518 elementor-widget__width-initial flex-horizontal-align-default flex-horizontal-align-tablet-default flex-horizontal-align-mobile-default flex-vertical-align-default flex-vertical-align-tablet-default flex-vertical-align-mobile-default exad-sticky-section-no elementor-widget elementor-widget-exad-post-grid\" data-id=\"9aa4518\" data-element_type=\"widget\" data-widget_type=\"exad-post-grid.default\">\n\t\t\t\t<div class=\"elementor-widget-container\">\n\t\t\t\t\t\t\t\r\n\r\n\t\t<div class=\"exad-post-grid\">\r\n\t\t\t<div class=\"exad-row-wrapper\">\r\n\t\t\t\t\r\n<article class=\"exad-post-grid-three exad-col  \">\r\n    <div class=\"exad-post-grid-container image-position-top exad-post-grid-equal-height-\">\r\n                    <figure class=\"exad-post-grid-thumbnail\">\r\n                <a href=\"https:\/\/www.derkreativdackel.de\/?p=30290\">\r\n                    <img width=\"1900\" height=\"424\" data-src=\"https:\/\/www.derkreativdackel.de\/wp-content\/uploads\/2024\/07\/Wave-Web-1.png\" class=\"attachment-2048x2048 size-2048x2048 wp-post-image lazyload\" alt=\"\" src=\"data:image\/gif;base64,R0lGODlhAQABAAAAACH5BAEKAAEALAAAAAABAAEAAAICTAEAOw==\" style=\"--smush-placeholder-width: 1900px; --smush-placeholder-aspect-ratio: 1900\/424;\" \/>                <\/a>\r\n                \r\n                            <\/figure>\r\n        \t\t\r\n\t\t        <div class=\"exad-post-grid-body\">\r\n            \t\t\t\t\r\n\t\t\t\t\t\t\t\r\n                    <h3>\r\n\t\t\t\t\t\r\n\t\t\t\t\t\t\t\t\r\n                        <a href=\"https:\/\/www.derkreativdackel.de\/?p=30290\" class=\"exad-post-grid-title\">Definition Kreativit\u00e4t<\/a>\r\n\t\t\t\t\t\t\r\n\t\t\t\t\t\t\r\n                    <\/h3>\r\n\t\t\t\t\t\r\n\t\t\t\t\t\t\t\t\r\n                                <div class=\"exad-post-grid-description\">\r\n                    Was ist eigentlich&#8230; Kreativit\u00e4t? F\u00fcr den Begriff Kreativit\u00e4t finden sich...                <\/div>\r\n                            <div class=\"exad-post-footer\"><a href=\"https:\/\/www.derkreativdackel.de\/?p=30290\" target=\"_self\" class=\"read-more\">zum Beitrag<\/a><\/div>\r\n            \r\n        <\/div>\r\n        \t\t\r\n\t\t\t\t\r\n    <\/div>\r\n<\/article>\r\n\r\n<article class=\"exad-post-grid-three exad-col  \">\r\n    <div class=\"exad-post-grid-container image-position-top exad-post-grid-equal-height-\">\r\n                    <figure class=\"exad-post-grid-thumbnail\">\r\n                <a href=\"https:\/\/www.derkreativdackel.de\/?p=30242\">\r\n                    <img width=\"492\" height=\"369\" data-src=\"https:\/\/www.derkreativdackel.de\/wp-content\/uploads\/2024\/04\/Logo-Tasse-Klein-Icon.png\" class=\"attachment-2048x2048 size-2048x2048 wp-post-image lazyload\" alt=\"\" src=\"data:image\/gif;base64,R0lGODlhAQABAAAAACH5BAEKAAEALAAAAAABAAEAAAICTAEAOw==\" style=\"--smush-placeholder-width: 492px; --smush-placeholder-aspect-ratio: 492\/369;\" \/>                <\/a>\r\n                \r\n                            <\/figure>\r\n        \t\t\r\n\t\t        <div class=\"exad-post-grid-body\">\r\n            \t\t\t\t\r\n\t\t\t\t\t\t\t\r\n                    <h3>\r\n\t\t\t\t\t\r\n\t\t\t\t\t\t\t\t\r\n                        <a href=\"https:\/\/www.derkreativdackel.de\/?p=30242\" class=\"exad-post-grid-title\">Kreativkaffee<\/a>\r\n\t\t\t\t\t\t\r\n\t\t\t\t\t\t\r\n                    <\/h3>\r\n\t\t\t\t\t\r\n\t\t\t\t\t\t\t\t\r\n                                <div class=\"exad-post-grid-description\">\r\n                    Freundschaft entsteht&#8230; Kreativit\u00e4t verbindet! Treffen&nbsp; kreative Menschen aufeinander kommt man...                <\/div>\r\n                            <div class=\"exad-post-footer\"><a href=\"https:\/\/www.derkreativdackel.de\/?p=30242\" target=\"_self\" class=\"read-more\">zum Beitrag<\/a><\/div>\r\n            \r\n        <\/div>\r\n        \t\t\r\n\t\t\t\t\r\n    <\/div>\r\n<\/article>\r\n\r\n<article class=\"exad-post-grid-three exad-col  \">\r\n    <div class=\"exad-post-grid-container image-position-top exad-post-grid-equal-height-\">\r\n                    <figure class=\"exad-post-grid-thumbnail\">\r\n                <a href=\"https:\/\/www.derkreativdackel.de\/?p=30299\">\r\n                    <img width=\"905\" height=\"540\" data-src=\"https:\/\/www.derkreativdackel.de\/wp-content\/uploads\/2024\/07\/acht-1.jpg\" class=\"attachment-2048x2048 size-2048x2048 wp-post-image lazyload\" alt=\"\" src=\"data:image\/gif;base64,R0lGODlhAQABAAAAACH5BAEKAAEALAAAAAABAAEAAAICTAEAOw==\" style=\"--smush-placeholder-width: 905px; --smush-placeholder-aspect-ratio: 905\/540;\" \/>                <\/a>\r\n                \r\n                            <\/figure>\r\n        \t\t\r\n\t\t        <div class=\"exad-post-grid-body\">\r\n            \t\t\t\t\r\n\t\t\t\t\t\t\t\r\n                    <h3>\r\n\t\t\t\t\t\r\n\t\t\t\t\t\t\t\t\r\n                        <a href=\"https:\/\/www.derkreativdackel.de\/?p=30299\" class=\"exad-post-grid-title\">Kunst bewegt<\/a>\r\n\t\t\t\t\t\t\r\n\t\t\t\t\t\t\r\n                    <\/h3>\r\n\t\t\t\t\t\r\n\t\t\t\t\t\t\t\t\r\n                                <div class=\"exad-post-grid-description\">\r\n                    Dynamisch&#8230; Emotionen, Kunst und passive Kreativit\u00e4t Kunst in jeglicher Form...                <\/div>\r\n                            <div class=\"exad-post-footer\"><a href=\"https:\/\/www.derkreativdackel.de\/?p=30299\" target=\"_self\" class=\"read-more\">zum Beitrag<\/a><\/div>\r\n            \r\n        <\/div>\r\n        \t\t\r\n\t\t\t\t\r\n    <\/div>\r\n<\/article>\r\n    \r\n\t\t\t<\/div>\r\n\t\t\t<div class=\"exad-post-grid-load-btn\">\r\n\t\t\t\t\t\t\t<\/div>\r\n\t\t<\/div>\r\n\r\n\t\t\t\t\t<\/div>\n\t\t\t\t<\/div>\n\t\t\t\t<\/div>\n\t\t<div class=\"elementor-element elementor-element-a95543c e-con-full thegem-e-con-layout-thegem e-flex e-con e-child\" data-id=\"a95543c\" data-element_type=\"container\" data-settings=\"{&quot;thegem_container_layout&quot;:&quot;thegem&quot;,&quot;background_background&quot;:&quot;classic&quot;}\">\n\t\t\t\t<div class=\"elementor-element elementor-element-03b66c6 elementor-widget__width-initial flex-horizontal-align-default flex-horizontal-align-tablet-default flex-horizontal-align-mobile-default flex-vertical-align-default flex-vertical-align-tablet-default flex-vertical-align-mobile-default exad-sticky-section-no elementor-widget elementor-widget-exad-post-grid\" data-id=\"03b66c6\" data-element_type=\"widget\" data-widget_type=\"exad-post-grid.default\">\n\t\t\t\t<div class=\"elementor-widget-container\">\n\t\t\t\t\t\t\t\r\n\r\n\t\t<div class=\"exad-post-grid\">\r\n\t\t\t<div class=\"exad-row-wrapper\">\r\n\t\t\t\t\r\n<article class=\"exad-post-grid-three exad-col  \">\r\n    <div class=\"exad-post-grid-container image-position-top exad-post-grid-equal-height-\">\r\n                    <figure class=\"exad-post-grid-thumbnail\">\r\n                <a href=\"https:\/\/www.derkreativdackel.de\/?p=30290\">\r\n                    <img width=\"1900\" height=\"424\" data-src=\"https:\/\/www.derkreativdackel.de\/wp-content\/uploads\/2024\/07\/Wave-Web-1.png\" class=\"attachment-full size-full wp-post-image lazyload\" alt=\"\" src=\"data:image\/gif;base64,R0lGODlhAQABAAAAACH5BAEKAAEALAAAAAABAAEAAAICTAEAOw==\" style=\"--smush-placeholder-width: 1900px; --smush-placeholder-aspect-ratio: 1900\/424;\" \/>                <\/a>\r\n                \r\n                            <\/figure>\r\n        \t\t\r\n\t\t        <div class=\"exad-post-grid-body\">\r\n            \t\t\t\t\r\n\t\t\t\t\t\t\t\r\n                    <h3>\r\n\t\t\t\t\t\r\n\t\t\t\t\t\t\t\t\r\n                        <a href=\"https:\/\/www.derkreativdackel.de\/?p=30290\" class=\"exad-post-grid-title\">Definition Kreativit\u00e4t<\/a>\r\n\t\t\t\t\t\t\r\n\t\t\t\t\t\t\r\n                    <\/h3>\r\n\t\t\t\t\t\r\n\t\t\t\t\t\t\t\t\r\n                                <div class=\"exad-post-grid-description\">\r\n                    Was ist eigentlich&#8230; Kreativit\u00e4t? F\u00fcr den Begriff Kreativit\u00e4t finden sich zahlreiche Definitionen und Interpretationen. Was f\u00fcr mich schon mal vorab...                <\/div>\r\n                            <div class=\"exad-post-footer\"><a href=\"https:\/\/www.derkreativdackel.de\/?p=30290\" target=\"_self\" class=\"read-more\">zum Beitrag<\/a><\/div>\r\n            \r\n        <\/div>\r\n        \t\t\r\n\t\t\t\t\r\n    <\/div>\r\n<\/article>\r\n\r\n<article class=\"exad-post-grid-three exad-col  \">\r\n    <div class=\"exad-post-grid-container image-position-top exad-post-grid-equal-height-\">\r\n                    <figure class=\"exad-post-grid-thumbnail\">\r\n                <a href=\"https:\/\/www.derkreativdackel.de\/?p=28638\">\r\n                    <img width=\"800\" height=\"450\" data-src=\"https:\/\/www.derkreativdackel.de\/wp-content\/uploads\/2024\/07\/Sprechen-e1738317358109.png\" class=\"attachment-full size-full wp-post-image lazyload\" alt=\"\" src=\"data:image\/gif;base64,R0lGODlhAQABAAAAACH5BAEKAAEALAAAAAABAAEAAAICTAEAOw==\" style=\"--smush-placeholder-width: 800px; --smush-placeholder-aspect-ratio: 800\/450;\" \/>                <\/a>\r\n                \r\n                            <\/figure>\r\n        \t\t\r\n\t\t        <div class=\"exad-post-grid-body\">\r\n            \t\t\t\t\r\n\t\t\t\t\t\t\t\r\n                    <h3>\r\n\t\t\t\t\t\r\n\t\t\t\t\t\t\t\t\r\n                        <a href=\"https:\/\/www.derkreativdackel.de\/?p=28638\" class=\"exad-post-grid-title\">Kontakt<\/a>\r\n\t\t\t\t\t\t\r\n\t\t\t\t\t\t\r\n                    <\/h3>\r\n\t\t\t\t\t\r\n\t\t\t\t\t\t\t\t\r\n                                <div class=\"exad-post-grid-description\">\r\n                    Kreativit\u00e4t verbindet Sich \u00fcber das geliebte Hobby, Arbeitstechniken und Materialien auszutauschen macht einfach Spa\u00df. Hast du Fragen, Anregungen, Kritik oder...                <\/div>\r\n                            <div class=\"exad-post-footer\"><a href=\"https:\/\/www.derkreativdackel.de\/?p=28638\" target=\"_self\" class=\"read-more\">zum Beitrag<\/a><\/div>\r\n            \r\n        <\/div>\r\n        \t\t\r\n\t\t\t\t\r\n    <\/div>\r\n<\/article>\r\n\r\n<article class=\"exad-post-grid-three exad-col  \">\r\n    <div class=\"exad-post-grid-container image-position-top exad-post-grid-equal-height-\">\r\n                    <figure class=\"exad-post-grid-thumbnail\">\r\n                <a href=\"https:\/\/www.derkreativdackel.de\/?p=30242\">\r\n                    <img width=\"492\" height=\"369\" data-src=\"https:\/\/www.derkreativdackel.de\/wp-content\/uploads\/2024\/04\/Logo-Tasse-Klein-Icon.png\" class=\"attachment-full size-full wp-post-image lazyload\" alt=\"\" src=\"data:image\/gif;base64,R0lGODlhAQABAAAAACH5BAEKAAEALAAAAAABAAEAAAICTAEAOw==\" style=\"--smush-placeholder-width: 492px; --smush-placeholder-aspect-ratio: 492\/369;\" \/>                <\/a>\r\n                \r\n                            <\/figure>\r\n        \t\t\r\n\t\t        <div class=\"exad-post-grid-body\">\r\n            \t\t\t\t\r\n\t\t\t\t\t\t\t\r\n                    <h3>\r\n\t\t\t\t\t\r\n\t\t\t\t\t\t\t\t\r\n                        <a href=\"https:\/\/www.derkreativdackel.de\/?p=30242\" class=\"exad-post-grid-title\">Kreativkaffee<\/a>\r\n\t\t\t\t\t\t\r\n\t\t\t\t\t\t\r\n                    <\/h3>\r\n\t\t\t\t\t\r\n\t\t\t\t\t\t\t\t\r\n                                <div class=\"exad-post-grid-description\">\r\n                    Freundschaft entsteht&#8230; Kreativit\u00e4t verbindet! Treffen&nbsp; kreative Menschen aufeinander kommt man unweigerlich ins Gespr\u00e4ch. Auch ohne sich vorher gekannt zu haben....                <\/div>\r\n                            <div class=\"exad-post-footer\"><a href=\"https:\/\/www.derkreativdackel.de\/?p=30242\" target=\"_self\" class=\"read-more\">zum Beitrag<\/a><\/div>\r\n            \r\n        <\/div>\r\n        \t\t\r\n\t\t\t\t\r\n    <\/div>\r\n<\/article>\r\n\r\n<article class=\"exad-post-grid-three exad-col  \">\r\n    <div class=\"exad-post-grid-container image-position-top exad-post-grid-equal-height-\">\r\n                    <figure class=\"exad-post-grid-thumbnail\">\r\n                <a href=\"https:\/\/www.derkreativdackel.de\/?p=30299\">\r\n                    <img width=\"905\" height=\"540\" data-src=\"https:\/\/www.derkreativdackel.de\/wp-content\/uploads\/2024\/07\/acht-1.jpg\" class=\"attachment-full size-full wp-post-image lazyload\" alt=\"\" src=\"data:image\/gif;base64,R0lGODlhAQABAAAAACH5BAEKAAEALAAAAAABAAEAAAICTAEAOw==\" style=\"--smush-placeholder-width: 905px; --smush-placeholder-aspect-ratio: 905\/540;\" \/>                <\/a>\r\n                \r\n                            <\/figure>\r\n        \t\t\r\n\t\t        <div class=\"exad-post-grid-body\">\r\n            \t\t\t\t\r\n\t\t\t\t\t\t\t\r\n                    <h3>\r\n\t\t\t\t\t\r\n\t\t\t\t\t\t\t\t\r\n                        <a href=\"https:\/\/www.derkreativdackel.de\/?p=30299\" class=\"exad-post-grid-title\">Kunst bewegt<\/a>\r\n\t\t\t\t\t\t\r\n\t\t\t\t\t\t\r\n                    <\/h3>\r\n\t\t\t\t\t\r\n\t\t\t\t\t\t\t\t\r\n                                <div class=\"exad-post-grid-description\">\r\n                    Dynamisch&#8230; Emotionen, Kunst und passive Kreativit\u00e4t Kunst in jeglicher Form lebt durch Denjenigen, der sie betrachtet, der mit anderen \u00fcber...                <\/div>\r\n                            <div class=\"exad-post-footer\"><a href=\"https:\/\/www.derkreativdackel.de\/?p=30299\" target=\"_self\" class=\"read-more\">zum Beitrag<\/a><\/div>\r\n            \r\n        <\/div>\r\n        \t\t\r\n\t\t\t\t\r\n    <\/div>\r\n<\/article>\r\n    \r\n\t\t\t<\/div>\r\n\t\t\t<div class=\"exad-post-grid-load-btn\">\r\n\t\t\t\t\t\t\t<\/div>\r\n\t\t<\/div>\r\n\r\n\t\t\t\t\t<\/div>\n\t\t\t\t<\/div>\n\t\t\t\t<\/div>\n\t\t\t\t<\/div>\n\t\t\t\t\t<\/div>\n\t\t\t\t<\/div>\n\t\t\t\t<\/div>\n\t\t","protected":false},"excerpt":{"rendered":"<p>Malerei Farbspiele und MixedMedia Kontakt Kreativit\u00e4t verbindet Sich \u00fcber das geliebte Hobby, Arbeitstechniken und Materialien&#8230; zum Beitrag Definition Kreativit\u00e4t Was&#8230;<\/p>\n","protected":false},"author":2,"featured_media":0,"parent":0,"menu_order":0,"comment_status":"closed","ping_status":"closed","template":"","meta":{"footnotes":""},"class_list":["post-28763","page","type-page","status-publish"],"_links":{"self":[{"href":"https:\/\/www.derkreativdackel.de\/index.php?rest_route=\/wp\/v2\/pages\/28763","targetHints":{"allow":["GET"]}}],"collection":[{"href":"https:\/\/www.derkreativdackel.de\/index.php?rest_route=\/wp\/v2\/pages"}],"about":[{"href":"https:\/\/www.derkreativdackel.de\/index.php?rest_route=\/wp\/v2\/types\/page"}],"author":[{"embeddable":true,"href":"https:\/\/www.derkreativdackel.de\/index.php?rest_route=\/wp\/v2\/users\/2"}],"replies":[{"embeddable":true,"href":"https:\/\/www.derkreativdackel.de\/index.php?rest_route=%2Fwp%2Fv2%2Fcomments&post=28763"}],"version-history":[{"count":124,"href":"https:\/\/www.derkreativdackel.de\/index.php?rest_route=\/wp\/v2\/pages\/28763\/revisions"}],"predecessor-version":[{"id":32476,"href":"https:\/\/www.derkreativdackel.de\/index.php?rest_route=\/wp\/v2\/pages\/28763\/revisions\/32476"}],"wp:attachment":[{"href":"https:\/\/www.derkreativdackel.de\/index.php?rest_route=%2Fwp%2Fv2%2Fmedia&parent=28763"}],"curies":[{"name":"wp","href":"https:\/\/api.w.org\/{rel}","templated":true}]}}